 prime?
False
Is 39149 a composite number?
True
Is 222247 a composite number?
False
Is 30059 a prime number?
True
Is 34603 a composite number?
False
Is 20249 prime?
True
Is 4633 composite?
True
Is 2595746 a prime number?
False
Is 285997 a prime number?
True
Is 4073 a prime number?
True
Is 45233 a composite number?
False
Is 474197 composite?
False
Is 163561 prime?
True
Is 41623 prime?
False
Is 38149 composite?
False
Is 48149 a prime number?
False
Is 2789 a prime number?
True
Is 731761 a prime number?
True
Is 7601 a composite number?
True
Is 217717 composite?
False
Is 21001 prime?
True
Is 2613407 a composite number?
True
Is 3043 a composite number?
True
Is 3940701 prime?
False
Is 1686979 prime?
False
Is 32605 a prime number?
False
Is 237203 a composite number?
False
Is 67003 a composite number?
False
Is 507723 a prime number?
False
Is 88017 composite?
True
Is 73267 a prime number?
False
Is 57389 a composite number?
False
Is 130927 a composite number?
False
Is 5507 a prime number?
True
Is 1531 prime?
True
Is 13921 prime?
True
Is 227893 a prime number?
True
Is 685 prime?
False
Is 10345 prime?
False
Is 12605 composite?
True
Is 161453 prime?
True
Is 328709 prime?
True
Is 2477107 composite?
False
Is 1042 composite?
True
Is 1361 prime?
True
Is 44899 a composite number?
True
Is 5381 prime?
True
Is 28151 composite?
False
Is 32273 a composite number?
True
Is 266791 a prime number?
False
Is 142097 a composite number?
False
Is 5179 a prime number?
True
Is 9041 a composite number?
False
Is 2573689 a prime number?
True
Is 2573 a composite number?
True
Is 182167 prime?
True
Is 68351 composite?
False
Is 6434083 composite?
False
Is 170597 prime?
False
Is 40979 composite?
True
Is 499769 prime?
False
Is 6751 a composite number?
True
Is 27733 composite?
False
Is 3204299 prime?
False
Is 246403 composite?
False
Is 7039 prime?
True
Is 243617 composite?
True
Is 12661 a prime number?
False
Is 4229 a composite number?
False
Is 5223 prime?
False
Is 7593 prime?
False
Is 1297591 a prime number?
False
Is 1466243 composite?
False
Is 228061 a prime number?
True
Is 11532661 composite?
True
Is 457117 a composite number?
False
Is 10299 composite?
True
Is 218107 a composite number?
False
Is 1781 a prime number?
False
Is 9143 a composite number?
True
Is 64433 a composite number?
False
Is 80813 prime?
False
Is 2453273 composite?
False
Is 20671 composite?
True
Is 1409 composite?
False
Is 24646 a composite number?
True
Is 1175617 a prime number?
True
Is 14221 a prime number?
True
Is 5483 a composite number?
False
Is 500419 prime?
False
Is 58657 prime?
True
Is 8483 composite?
True
Is 10077 a prime number?
False
Is 92593 composite?
False
Is 38039 a composite number?
False
Is 165511 a composite number?
False
Is 443603 a composite number?
False
Is 302399 a composite number?
False
Is 2899 a composite number?
True
Is 6163 composite?
False
Is 47051 a prime number?
True
Is 14369 prime?
True
Is 196577 composite?
True
Is 887 a composite number?
False
Is 21661 prime?
True
Is 3551 prime?
False
Is 3817 composite?
True
Is 30311 a composite number?
True
Is 743 composite?
False
Is 679 a composite number?
True
Is 3989 composite?
False
Is 3217 a composite number?
False
Is 15829 a composite number?
True
Is 535079 prime?
False
Is 76871 composite?
False
Is 225023 composite?
False
Is 176758 composite?
True
Is 169019 prime?
True
Is 92266 a composite number?
True
Is 98749 composite?
True
Is 277 a composite number?
False
Is 6997 composite?
False
Is 10973 composite?
False
Is 5431 prime?
True
Is 19301 composite?
False
Is 5899 prime?
False
Is 1002297 a composite number?
True
Is 23513 a composite number?
True
Is 124421 a composite number?
True
Is 57973 a prime number?
True
Is 727147 composite?
True
Is 991 a composite number?
False
Is 410453 prime?
True
Is 22613 prime?
True
Is 8369 a composite number?
False
Is 501 prime?
False
Is 36401 a prime number?
False
Is 50207 prime?
True
Is 65579 prime?
True
Is 625971 prime?
False
Is 8098 prime?
False
Is 530833 a composite number?
False
Is 9841 prime?
False
Is 584767 a prime number?
True
Is 66271 composite?
False
Is 4839137 prime?
True
Is 30757 a prime number?
True
Is 290233 composite?
False
Is 6761 composite?
False
Is 23267 a composite number?
True
Is 7067 composite?
True
Is 407 composite?
True
Is 170137 prime?
False
Is 93715 a prime number?
False
Is 194963 prime?
True
Is 37483 a prime number?
True
Is 1969 prime?
False
Is 2554 a composite number?
True
Is 252341 a composite number?
False
Is 31669 prime?
False
Is 13093 composite?
False
Is 4633 prime?
False
Is 540343 composite?
False
Is 1259 prime?
True
Is 574297 prime?
True
Is 11717 prime?
True
Is 3817 composite?
True
Is 3049 prime?
True
Is 69313 a prime number?
True
Is 55565 prime?
False
Is 2941781 composite?
False
Is 1471 a prime number?
True
Is 30817 a prime number?
True
Is 1193 composite?
False
Is 5953 composite?
False
Is 769 a composite number?
False
Is 34297 prime?
True
Is 6835 prime?
False
Is 63737 prime?
True
Is 303911 a prime number?
False
Is 23143 a prime number?
True
Is 346879 a composite number?
True
Is 907 prime?
True
Is 115931 prime?
True
Is 42049 prime?
False
Is 1518293 a prime number?
False
Is 50261 a composite number?
False
Is 2342479 a prime number?
True
Is 104257 composite?
True
Is 164017 a prime number?
False
Is 7217 a prime number?
False
Is 66467 a prime number?
True
Is 181037 prime?
False
Is 42041 composite?
True
Is 24281 a composite number?
False
Is 107519 prime?
False
Is 254 composite?
True
Is 246143 prime?
False
Is 7647 composite?
True
Is 58303 a composite number?
True
Is 1163111 a composite number?
False
Is 253 prime?
False
Is 10559 composite?
False
Is 1159271 a composite number?
False
Is 145303 composite?
False
Is 7057 a composite number?
False
Is 20317 prime?
False
Is 287659 a composite number?
True
Is 9745 a prime number?
False
Is 57769 a composite number?
True
Is 4373 a composite number?
False
Is 7067 a composite number?
True
Is 231614 a composite number?
True
Is 73901 a composite number?
True
Is 76403 prime?
True
Is 2186218 prime?
False
Is 286217 prime?
False
Is 101459 a composite number?
True
Is 215299 composite?
True
Is 32083 composite?
False
Is 2933 a prime number?
False
Is 763769 prime?
False
Is 54449 composite?
False
Is 75821 composite?
False
Is 14489 composite?
False
Is 896599 a prime number?
False
Is 94709 a composite number?
False
Is 257753 a composite number?
True
Is 658663 a prime number?
True
Is 48299 a composite number?
False
Is 2333 a prime number?
True
Is 10813 prime?
False
Is 1036211 composite?
True
Is 106531 a composite number?
False
Is 151091 prime?
True
Is 730511 a prime number?
False
Is 13567 a composite number?
False
Is 56063 composite?
True
Is 33805 a composite number?
True
Is 17533 a prime number?
False
Is 316991 composite?
False
Is 586037 composite?
False
Is 188107 a prime number?
True
Is 8467 a composite number?
False
Is 525979 a prime number?
True
Is 307 prime?
True
Is 32887 a composite number?
False
Is 33298 prime?
False
Is 1385653 composite?
True
Is 2442515 a prime number?
False
Is 942771 composite?
True
Is 6599 a composite number?
False
Is 16799 prime?
False
Is 14954 a composite number?
True
Is 71593 a composite number?
False
Is 559157 composite?
False
Is 1040537 a composite number?
True
Is 7781 a prime number?
False
Is 552179 prime?
True
Is 46219 prime?
True
Is 222259 composite?
True
Is 991 composite?
False
Is 129169 composite?
False
Is 575907 a prime number?
False
Is 476167 a composite number?
False
Is 149827 a composite number?
False
Is 1149641 prime?
True
Is 14621 prime?
True
Is 1043123 a composite number?
True
Is 210791 a composite number?
True
Is 94499 a composite number?
True
Is 3503 composite?
True
Is 22153 a composite number?
False
Is 482981 a composite number?
True
Is 46119 composite?
True
Is 143971 composite?
False
Is 950071 prime?
True
Is 88211 a composite number?
False
Is 422983 a prime number?
False
Is 3989 a composite number?
False
Is 342647 a composite number?
False
Is 10441 composite?
True
Is 5579 prime?
False
Is 397 composite?
False
Is 216211 a composite number?
False
Is 196133 composite?
True
Is 21859 a prime number?
True
Is 1141 a prime number?
False
Is 246953 prime?
False
Is 37409 a prime number?
True
Is 547559 prime?
True
Is 129 a composit